12*n - 110. Let b be l(-1). What is f(b)?
39
Let j(c) = 2*c + 5 - 4*c - 4. Let f(d) = 2*d**2 + 18*d + 2. Let r be f(-9). Let l be -1 + r - 7 - -5. Calculate j(l).
3
Let j(v) be the first derivative of -v**2/2 - 19*v + 469. What is j(-14)?
-5
Suppose -5*s + 1 = 3*g + 7, -4*g + 5*s = -27. Let x(n) = -5*n**2 + n**g - 7*n**3 - 19 + 23 + 4*n**3 + n**3. Calculate x(-2).
-8
Let n(q) = q**3 + q**2 - 7*q + 1. Suppose 31 - 30 = -16*l + 49. Calculate n(l).
16
Let b(m) = 37*m**2 + 2*m**3 + 10 - 135*m**2 + 37*m**2 + 15*m + 45*m**2. Determine b(7).
17
Let j(a) = -2*a - 27. Suppose 0 = -144*p + 366*p + 222. Give j(p).
-25
Let a(n) = 23*n - 47. Let l(b) = 3*b - 6. Let d(m) = a(m) - 10*l(m). Calculate d(-10).
83
Let k(b) = -15*b - 16. Let w(g) = -3*g - 3. Let q(u) = 2*k(u) - 11*w(u). Let n(p) = -46*p**3 - 275*p**2 + 8*p + 9. Let o be n(-6). What is q(o)?
-8
Let y(f) = -16*f**2 + 18*f - 8. Let m(h) = -8*h**2 + 7*h - 4. Let l(x) = -5*m(x) + 2*y(x). Calculate l(-3).
73
Let y(l) be the first derivative of -1/60*l**5 - 13*l**2 - 1/3*l**3 - 5/24*l**4 + 4 + 0*l. Let u(k) be the second derivative of y(k). Give u(-4).
2
Let z(i) be the third derivative of -5*i**4/24 + 4*i**3/3 - 1750*i**2. What is z(-5)?
33
Let a(b) = b**3 - b**2. Let r(p) = -2*p**2 + 17*p - 6. Let g be r(8). Suppose 2*n - 16 = -5*i, g*i + n - 3*n + 2 = 0. Give a(i).
4
Let l(b) = -32*b. Suppose -2*u - 16 = -w, 4*u = w - 23 - 11. Let x(p) = -7*p. Let v(h) = u*x(h) + 2*l(h). Calculate v(-2).
2
Let s = 15 + -19. Let l be -1 + 0 + s + (6 - -1). Let c(x) = 183*x**2 - 8*x + 0 - 184*x**2 - l. What is c(-8)?
-2
Let i(n) = n**2 - 5*n. Suppose -3*z - 5*l + 56 = 0, -2*z + 10 = l - 18. Let t be (z/9)/(3/(-9)). Let u be 2/8 - 23/t. Give i(u).
6
Let g(i) be the second derivative of -i**4/12 + 3*i**3 - 11*i**2/2 + 40*i. Let w(f) = -3*f**2 + 52*f - 33. Let t(y) = 11*g(y) - 4*w(y). Give t(9).
2
Suppose -93 - 315 = -24*x. Suppose k = 5*i - 10*i + 20, -4*i - k + x = 0. Let q(s) = -5*s - 4*s + 3 - s**3 + 6*s + 4*s**2. Give q(i).
3
Let m(a) = -23*a**3 + 11*a - 8. Let t(p) = -8*p**3 + 4*p - 3. Let x(q) = -3*m(q) + 8*t(q). Suppose -209 + 296 = 87*f. What is x(f)?
4
Suppose -3*t + 17 = z, 22*z - 2 = 24*z. Let x(f) = f**2 - 5*f - 7. Give x(t).
-1
Let i(o) = 194*o + 2140. Let g be i(-11). Let s(f) = 24*f - 150. What is s(g)?
-6
Let v = 255 + -257. Let m be (-60)/10 + 8 + v. Let t(a) = -a**3 + 8. Give t(m).
8
Let s(a) = 3*a**2 + 36*a - 77. Let t be s(-14). Let d(w) be the first derivative of -t*w + 1/2*w**2 + 18. Calculate d(3).
-4
Let w(t) be the first derivative of -t**2/2 - 10*t + 3. Suppose 491 = -95*h - 744. What is w(h)?
3
Suppose 0*v = -v - 1. Let g(k) = k**2 + k - 70. Let u be g(-9). Let x(a) = a - 3*a**2 - a**2 + 9*a**u + 2*a**2 + 1. What is x(v)?
7
Suppose -4*k + 74 + 51 = 3*t, 2*t - 62 = -2*k. Suppose -48 = k*x - 40*x. Let w(o) = 7 + 4 - 5*o - 5. Calculate w(x).
-24
Let n(l) = -2*l**2 + 5*l + 5. Let g(o) = -2*o**2 + 4*o + 4. Let q(z) = 6*g(z) - 5*n(z). Suppose 18*f - 10 = 23*f. Calculate q(f).
-7
Let p(i) = -3*i**2 - 16*i + 8. Let j(c) = 2*c**2 + 12*c - 7. Let m(o) = 4*j(o) + 3*p(o). Suppose -5*q + 3*t + 1 = 7, 3*q = t - 6. What is m(q)?
-13
Suppose w = -3, 5*n + 267 - 236 = -2*w. Let u(m) = -m**3 - 2*m**2 + 16*m + 2. Determine u(n).
-3
Let v(s) = -s**3 + 5*s**2 + s - 2. Let w be v(5). Let y(h) = 5*h**2 + 135. Let p(u) = 11*u**2 + u + 303. Let a(z) = 4*p(z) - 9*y(z). Calculate a(w).
0
Let d(r) = 293 + 7*r + 259 - 532. Give d(-5).
-15
Let p(w) be the second derivative of -1/12*w**4 + 1/6*w**3 + 0 - 1/20*w**5 - 1/2*w**2 - 152*w. Calculate p(2).
-11
Let s(k) = -5*k**2 - 31*k - 1. Let g(o) = o**2 + 15*o. Let y(l) = 8*g(l) + 4*s(l). Calculate y(-3).
-100
Let t(i) = 13*i**2 + i. Let c(z) = -z - 12. Suppose -2*x - 30 = -0*x. Let v be c(x). Suppose 2*y - f + 6*f - 17 = 0, 0 = -2*y - v*f + 11. Give t(y).
14
Let i(m) = m**3 - 15*m**2 + 6*m - 6. Let l(s) = 3*s**3 - 44*s**2 + 17*s - 16. Suppose -44*h = -35*h + 54. Let f(t) = h*l(t) + 17*i(t). What is f(9)?
-6
Let x(t) be the second derivative of t**3/2 - 5*t**2 - 3*t - 11. Let s(w) = -w**2 + 25*w + 4. Let l be s(25). Determine x(l).
2
Let l be ((-8)/(-10))/(-2) + (-88)/(-20). Let d(c) be the first derivative of -c**2 - 2*c - 30 + l - 8. Calculate d(-2).
2
Suppose 5*l = 4*q - 15, -4*l - q = -2*l - 7. Let y(c) = 7*c + 114*c**2 + 124*c**2 - 240*c**2 + 633*c**3 - 611*c**3 - 6*c. Give y(l).
21
Let p = 72 + -67. Suppose 3*b + 31 = p*s, -b + 3*s = 4*b + 25. Let n(y) = -4*y**2 - 2*y + 2. What is n(b)?
-10
Let v(g) = g**3 - 3*g**2 - 2*g + 2. Suppose a = h - 58, -h + 2*a = 3*h - 238. Let p = h - 58. Give v(p).
-4
Let h(i) = 11*i**3 + 1 - 482*i - 12*i**3 + 5*i**2 + 491*i + 3*i**3. Calculate h(-4).
-83
Suppose 5*z + 16 = m, 5*z = 16 - 31. Let b(y) = -14 - m + 29 - 12*y + y**2. Determine b(12).
14
Let b(t) = 0*t - 6*t - 8*t + 31 - 15*t + 31*t. Give b(-14).
3
Let x(b) be the first derivative of b**3/3 + 13*b**2/2 - 11*b - 76. Calculate x(-14).
3
Let c = -540 - -311. Let s = c + 231. Let f(t) = -3*t - 2. Give f(s).
-8
Let k be -18 + ((-22)/((-1100)/(-75)))/((-1)/2). Let j(o) = o**2 + 35*o + 296. Determine j(k).
-4
Let q(d) = d - 40*d**2 - 40*d**2 + 79*d**2 + 4. Let j be (-4)/20*-25 - 5. Give q(j).
4
Let w be (2367/(-63) - -41)/(2/(-7)). Let n(f) = -f**3 - 12*f**2 - 3*f + 35. Determine n(w).
71
Let t = -47 + 50. Suppose -4*f + 5*l - 57 = 0, t*l = -f - 15 + 22. Let j(p) = -p + 3*p**2 + 3*p**2 - 4 + p**3 + 2*p**2. Give j(f).
4
Let w(o) = o**3 - 3*o + 5. Let r be w(2). Let j(k) = -r + 4 + 8 - 9*k + 10*k. Give j(-8).
-3
Let k(r) = 5*r**3 - 179*r**2 - 73*r + 69. Let x(s) = s**3 - 43*s**2 - 18*s + 17. Let h(t) = 3*k(t) - 13*x(t). Calculate h(-10).
36
Let m(d) = 2*d**3 - 63*d**2 + 34*d - 104. Let s = 4028 + -3997. Give m(s).
-11
Let z(g) = g**3 + 3*g**2 + 6*g + 5. Let p be (-10)/8 + (-810)/216. Determine z(p).
-75
Let u(z) be the second derivative of -13*z**3/6 + 11*z**2/2 - 2*z + 14. Let p(s) = 7*s - 5. Let k(v) = 7*p(v) + 4*u(v). Calculate k(6).
-9
Let a(d) = -d + 1. Let b(c) = -c**2 - 2*c + 1. Let r(f) = 5*a(f) - b(f). Let i be -1*(2/5)/((-14)/140). What is r(i)?
8
Let p be (-18)/4 + -3 + 18/4. Let v be (p + -6 - 5) + 5. Let j(f) = -f**2 - 9*f - 12. Calculate j(v).
-12
Let v(n) be the second derivative of -n**5/20 - n**2/2 + 1470*n - 2. Calculate v(2).
-9
Let g(j) = 8*j**2 + 5*j - 18. Let h be g(3). Suppose 3 = 70*b - h*b. Let x(f) = 2*f + 2. What is x(b)?
8
Let s be (-13)/(-2) + 3/6. Let k(g) be the third derivative of g**5/120 - g**4/2 - 7*g**3/2 - 9*g**2 - g. Let x(t) be the first derivative of k(t). Give x(s).
-5
Let m(h) = -6*h - 156. Let i(f) = 2*f + 86. Let a(n) = 11*i(n) + 6*m(n). Calculate a(1).
-4
Let y(g) be the second derivative of -g**5/20 + 3*g**4/4 - 4*g**3/3 + 4*g**2 + 2*g. Let t(u) = -2*u**2 - 210*u - 2060. Let s be t(-11). Calculate y(s).
8
Suppose 10*p + 9*p - 11*p = 0. Let n = 10 + -8. Let k(s) = 6 + s**3 + 0*s**3 - n*s**3 - s. Give k(p).
6
Let r(g) = -g**2 - 19*g - 9. Let a = 170 - 184. What is r(a)?
61
Let g = -3408 - -3400. Let y(c) = 11*c + 79. What is y(g)?
-9
Let d be (1 - (-57)/(-21))*42/(-12). Suppose d*m - 18 = -3*m. Let u(h) = -4*h**3 + h**2 - 2. Give u(m).
-30
Let p(w) = 338*w + 31. Let r(c) = 106*c + 10. Let s(q) = 4*p(q) - 13*r(q). Determine s(-1).
20
Let q = 722 + -774. Let m = -46 - q. Let c(i) = -i**3 + 6*i**2 + 2*i - 7. Determine c(m).
5
Let z(a) = 2*a. Let d be (16 - 15)*(-16)/(-2). Suppose -4*n + 38 = -6. Let t = n - d. Calculate z(t).
6
Let g(b) = 24*b**2 + 3*b + 1. Let m(n) = n**2 + 8*n - 1. Let p be m(-8). Let k be g(p). Suppose -13*z = k + 95. Let s(y) = y + 9. What is s(z)?
0
Let f(a) = -2*a**2 - 19*a + 9. Suppose 6 = -y, 222 = 8*k - 34*k + 2*y. Give f(k).
18
Let t(s) = -130*s - 2595. Let m be t(-20). Let j(g) = -g**3 + 3*g**2 - 3*g + 27. Give j(m).
-38
Let t be ((-9)/12)/(15/12 - 1). Let k be 44/10 - ((-24)/20)/t. Let g(h) = h**2 - h + 4. Give g(k).
16
Let a(z) = -z**2 - 39*z - 41*z + 7 + 112*z - 34*z. Let i be -5*12/21*-7. Let t be (45/i)/((-3)/8). Calculate a(t).
-17
Let n = 18 - -2. Let w be 152/n - 12/(-30). Let t(j) = -j**3 + 8*j**2 - j + 7. Give t(w).
-1
Let b(o) be the third derivative of -o**5/30 + o**4/24 - 2*o**3/3 - 4*o**2 - 59. Calculate b(0).
-4
Suppose 3*j = 2*j. Let y be 0/(j + -1 + -1). Let g(s) = s**3 - 797*s**2 + 458*s**2 - 19 + s +